{"id":107,"date":"2016-03-15T10:10:17","date_gmt":"2016-03-15T09:10:17","guid":{"rendered":"http:\/\/www.maquillage-permanent-orleans.fr\/?page_id=107"},"modified":"2026-01-28T11:55:55","modified_gmt":"2026-01-28T10:55:55","slug":"maquillage-permanent","status":"publish","type":"page","link":"https:\/\/www.maquillage-permanent-orleans.fr\/index.php\/maquillage-permanent\/","title":{"rendered":"MAQUILLAGE PERMANENT"},"content":{"rendered":"<p>[et_pb_section fb_built=\u00a0\u00bb1&Prime; admin_label=\u00a0\u00bbsection\u00a0\u00bb _builder_version=\u00a0\u00bb4.27.5&Prime; background_image=\u00a0\u00bbhttps:\/\/www.maquillage-permanent-orleans.fr\/wp-content\/uploads\/2026\/01\/ChatGPT-Image-28-janv.-2026-11_52_38.png\u00a0\u00bb hover_enabled=\u00a0\u00bb0&Prime; global_colors_info=\u00a0\u00bb{}\u00a0\u00bb title_text=\u00a0\u00bbChatGPT Image 28 janv. 2026, 11_52_38&Prime; sticky_enabled=\u00a0\u00bb0&Prime;][et_pb_row _builder_version=\u00a0\u00bb4.27.5&Prime; _module_preset=\u00a0\u00bbdefault\u00a0\u00bb background_color=\u00a0\u00bbrgba(255,255,255,0.32)\u00a0\u00bb width=\u00a0\u00bb95%\u00a0\u00bb custom_margin=\u00a0\u00bb||15px||false|false\u00a0\u00bb custom_padding=\u00a0\u00bb|3px||3px|false|false\u00a0\u00bb border_radii=\u00a0\u00bbon|2px|2px|2px|2px\u00a0\u00bb border_width_all=\u00a0\u00bb2px\u00a0\u00bb border_color_all=\u00a0\u00bb#c4b3c1&Prime; box_shadow_style=\u00a0\u00bbpreset2&Prime; global_colors_info=\u00a0\u00bb{}\u00a0\u00bb][et_pb_column type=\u00a0\u00bb4_4&Prime; _builder_version=\u00a0\u00bb4.27.5&Prime; _module_preset=\u00a0\u00bbdefault\u00a0\u00bb global_colors_info=\u00a0\u00bb{}\u00a0\u00bb][et_pb_image src=\u00a0\u00bbhttps:\/\/www.maquillage-permanent-orleans.fr\/wp-content\/uploads\/2026\/01\/logo-carre-transparent.png\u00a0\u00bb title_text=\u00a0\u00bblogo carr\u00e9 transparent\u00a0\u00bb align=\u00a0\u00bbcenter\u00a0\u00bb _builder_version=\u00a0\u00bb4.27.5&Prime; _module_preset=\u00a0\u00bbdefault\u00a0\u00bb width=\u00a0\u00bb10%\u00a0\u00bb max_width=\u00a0\u00bb100%\u00a0\u00bb custom_margin=\u00a0\u00bb2px||2px||true|false\u00a0\u00bb global_colors_info=\u00a0\u00bb{}\u00a0\u00bb][\/et_pb_image][et_pb_text _builder_version=\u00a0\u00bb4.27.5&Prime; _module_preset=\u00a0\u00bbdefault\u00a0\u00bb custom_margin=\u00a0\u00bb||8px|||\u00a0\u00bb global_colors_info=\u00a0\u00bb{}\u00a0\u00bb]<\/p>\n<h1 style=\"text-align: center;\"><span class=\"a_GcMg font-feature-liga-off font-feature-clig-off font-feature-calt-off text-decoration-none text-strikethrough-none\">TARIFS<\/span><\/h1>\n<h1 style=\"text-align: center;\"><span class=\"a_GcMg font-feature-liga-off font-feature-clig-off font-feature-calt-off text-decoration-none text-strikethrough-none\">Maquillage Permanent<\/span><\/h1>\n<p>[\/et_pb_text][et_pb_divider color=\u00a0\u00bb#0A0909&Prime; divider_style=\u00a0\u00bbdotted\u00a0\u00bb divider_position=\u00a0\u00bbcenter\u00a0\u00bb divider_weight=\u00a0\u00bb3px\u00a0\u00bb _builder_version=\u00a0\u00bb4.27.5&Prime; _module_preset=\u00a0\u00bbdefault\u00a0\u00bb width=\u00a0\u00bb56%\u00a0\u00bb module_alignment=\u00a0\u00bbcenter\u00a0\u00bb global_colors_info=\u00a0\u00bb{}\u00a0\u00bb][\/et_pb_divider][et_pb_text _builder_version=\u00a0\u00bb4.27.5&Prime; _module_preset=\u00a0\u00bbdefault\u00a0\u00bb custom_css_free_form=\u00a0\u00bb.tarif-ligne {||  display: flex;||  justify-content: space-between;||  border-bottom: 1px dotted #d6b7c2;||  padding: 10px 0;||  font-size: 18px;||}\u00a0\u00bb global_colors_info=\u00a0\u00bb{}\u00a0\u00bb]<\/p>\n<div class=\"tarif-ligne\"><span class=\"prestation\"><span class=\"a_GcMg font-feature-liga-off font-feature-clig-off font-feature-calt-off text-decoration-none text-strikethrough-none\">Microblading ultra fin<\/span><\/span><br \/><span class=\"prix\">250\u20ac<\/span><\/div>\n<p>[\/et_pb_text][et_pb_text _builder_version=\u00a0\u00bb4.27.5&Prime; _module_preset=\u00a0\u00bbdefault\u00a0\u00bb custom_css_free_form=\u00a0\u00bb.tarif-ligne {||  display: flex;||  justify-content: space-between;||  border-bottom: 1px dotted #d6b7c2;||  padding: 10px 0;||  font-size: 18px;||}\u00a0\u00bb global_colors_info=\u00a0\u00bb{}\u00a0\u00bb]<\/p>\n<div class=\"tarif-ligne\"><span class=\"prestation\"><span class=\"a_GcMg font-feature-liga-off font-feature-clig-off font-feature-calt-off text-decoration-none text-strikethrough-none\">Microblading ultra fin avec shading<\/span><\/span><br \/><span class=\"prix\">270\u20ac<\/span><\/div>\n<p>[\/et_pb_text][et_pb_text _builder_version=\u00a0\u00bb4.27.5&Prime; _module_preset=\u00a0\u00bbdefault\u00a0\u00bb custom_css_free_form=\u00a0\u00bb.tarif-ligne {||  display: flex;||  justify-content: space-between;||  border-bottom: 1px dotted #d6b7c2;||  padding: 10px 0;||  font-size: 18px;||}\u00a0\u00bb global_colors_info=\u00a0\u00bb{}\u00a0\u00bb]<\/p>\n<div class=\"tarif-ligne\"><span class=\"prestation\"><span class=\"a_GcMg font-feature-liga-off font-feature-clig-off font-feature-calt-off text-decoration-none text-strikethrough-none\">Powderbrows<\/span><\/span><br \/><span class=\"prix\">250\u20ac<\/span><\/div>\n<p>[\/et_pb_text][et_pb_text _builder_version=\u00a0\u00bb4.27.5&Prime; _module_preset=\u00a0\u00bbdefault\u00a0\u00bb custom_css_free_form=\u00a0\u00bb.tarif-ligne {||  display: flex;||  justify-content: space-between;||  border-bottom: 1px dotted #d6b7c2;||  padding: 10px 0;||  font-size: 18px;||}\u00a0\u00bb global_colors_info=\u00a0\u00bb{}\u00a0\u00bb]<\/p>\n<div class=\"tarif-ligne\"><span class=\"prestation\"><span class=\"a_GcMg font-feature-liga-off font-feature-clig-off font-feature-calt-off text-decoration-none text-strikethrough-none\">Powderliner<\/span><\/span><br \/><span class=\"prix\">300\u20ac<\/span><\/div>\n<p>[\/et_pb_text][et_pb_text _builder_version=\u00a0\u00bb4.27.5&Prime; _module_preset=\u00a0\u00bbdefault\u00a0\u00bb custom_css_free_form=\u00a0\u00bb.tarif-ligne {||  display: flex;||  justify-content: space-between;||  border-bottom: 1px dotted #d6b7c2;||  padding: 10px 0;||  font-size: 18px;||}\u00a0\u00bb global_colors_info=\u00a0\u00bb{}\u00a0\u00bb]<\/p>\n<div class=\"tarif-ligne\"><span class=\"prestation\"><span class=\"a_GcMg font-feature-liga-off font-feature-clig-off font-feature-calt-off text-decoration-none text-strikethrough-none\">Full lips<\/span><\/span><br \/><span class=\"prix\">250\u20ac<\/span><\/div>\n<p>[\/et_pb_text][et_pb_text _builder_version=\u00a0\u00bb4.27.5&Prime; _module_preset=\u00a0\u00bbdefault\u00a0\u00bb custom_css_free_form=\u00a0\u00bb.tarif-ligne {||  display: flex;||  justify-content: space-between;||  border-bottom: 1px dotted #d6b7c2;||  padding: 10px 0;||  font-size: 18px;||}\u00a0\u00bb global_colors_info=\u00a0\u00bb{}\u00a0\u00bb]<\/p>\n<div class=\"tarif-ligne\"><span class=\"prestation\"><span class=\"a_GcMg font-feature-liga-off font-feature-clig-off font-feature-calt-off text-decoration-none text-strikethrough-none\">Candy lips<\/span><\/span><br \/><span class=\"prix\">280\u20ac<\/span><\/div>\n<p>[\/et_pb_text][et_pb_text _builder_version=\u00a0\u00bb4.27.5&Prime; _module_preset=\u00a0\u00bbdefault\u00a0\u00bb custom_css_free_form=\u00a0\u00bb.tarif-ligne {||  display: flex;||  justify-content: space-between;||  border-bottom: 1px dotted #d6b7c2;||  padding: 10px 0;||  font-size: 18px;||}\u00a0\u00bb global_colors_info=\u00a0\u00bb{}\u00a0\u00bb]<\/p>\n<div class=\"tarif-ligne\"><span class=\"prestation\"><span class=\"a_GcMg font-feature-liga-off font-feature-clig-off font-feature-calt-off text-decoration-none text-strikethrough-none\">Freckles<\/span><\/span><br \/><span class=\"prix\">280\u20ac<\/span><\/div>\n<p>[\/et_pb_text][et_pb_text _builder_version=\u00a0\u00bb4.27.5&Prime; _module_preset=\u00a0\u00bbdefault\u00a0\u00bb custom_css_free_form=\u00a0\u00bb.tarif-ligne {||  display: flex;||  justify-content: space-between;||  border-bottom: 1px dotted #d6b7c2;||  padding: 10px 0;||  font-size: 18px;||}\u00a0\u00bb global_colors_info=\u00a0\u00bb{}\u00a0\u00bb]<\/p>\n<div class=\"tarif-ligne\"><span class=\"prestation\"><span class=\"a_GcMg font-feature-liga-off font-feature-clig-off font-feature-calt-off text-decoration-none text-strikethrough-none\">D\u00e9tatouage &#8211; la s\u00e9ance<\/span><\/span><br \/><span class=\"prix\">90\u20ac<\/span><\/div>\n<p>[\/et_pb_text][\/et_pb_column][\/et_pb_row][et_pb_row _builder_version=\u00a0\u00bb4.27.5&Prime; _module_preset=\u00a0\u00bbdefault\u00a0\u00bb global_colors_info=\u00a0\u00bb{}\u00a0\u00bb][et_pb_column type=\u00a0\u00bb4_4&Prime; _builder_version=\u00a0\u00bb4.27.5&Prime; _module_preset=\u00a0\u00bbdefault\u00a0\u00bb global_colors_info=\u00a0\u00bb{}\u00a0\u00bb][et_pb_text _builder_version=\u00a0\u00bb4.27.5&Prime; _module_preset=\u00a0\u00bbdefault\u00a0\u00bb global_colors_info=\u00a0\u00bb{}\u00a0\u00bb]<\/p>\n<h2 style=\"text-align: center;\"><span class=\"a_GcMg font-feature-liga-off font-feature-clig-off font-feature-calt-off text-decoration-none text-strikethrough-none\">\u00c9L\u00c9GANCE EXPERTISE DOUCEUR<\/span><\/h2>\n<p>[\/et_pb_text][et_pb_button button_url=\u00a0\u00bbhttps:\/\/mc2g-app.com\/Luna?action=AGLSE&#038;login=sandyetmoi\u00a0\u00bb button_text=\u00a0\u00bbPrendre rendez-vous en ligne\u00a0\u00bb button_alignment=\u00a0\u00bbcenter\u00a0\u00bb _builder_version=\u00a0\u00bb4.27.5&Prime; _module_preset=\u00a0\u00bbdefault\u00a0\u00bb custom_button=\u00a0\u00bbon\u00a0\u00bb button_text_size=\u00a0\u00bb15px\u00a0\u00bb button_text_color=\u00a0\u00bb#FFFFFF\u00a0\u00bb button_bg_color=\u00a0\u00bb#0a0a0a\u00a0\u00bb button_border_radius=\u00a0\u00bb15px\u00a0\u00bb button_font=\u00a0\u00bb|600|||||||\u00a0\u00bb button_icon=\u00a0\u00bb&#xf073;||fa||400&Prime; button_icon_color=\u00a0\u00bb#FFFFFF\u00a0\u00bb button_icon_placement=\u00a0\u00bbleft\u00a0\u00bb button_on_hover=\u00a0\u00bboff\u00a0\u00bb background_layout=\u00a0\u00bbdark\u00a0\u00bb global_colors_info=\u00a0\u00bb{}\u00a0\u00bb][\/et_pb_button][\/et_pb_column][\/et_pb_row][\/et_pb_section]<\/p>\n","protected":false},"excerpt":{"rendered":"<p>TARIFS Maquillage PermanentMicroblading ultra fin250\u20acMicroblading ultra fin avec shading270\u20acPowderbrows250\u20acPowderliner300\u20acFull lips250\u20acCandy lips280\u20acFreckles280\u20acD\u00e9tatouage &#8211; la s\u00e9ance90\u20ac\u00c9L\u00c9GANCE EXPERTISE DOUCEUR<\/p>\n","protected":false},"author":1,"featured_media":0,"parent":0,"menu_order":0,"comment_status":"closed","ping_status":"closed","template":"","meta":{"_et_pb_use_builder":"on","_et_pb_old_content":"[vc_row margin_top=\"0\" margin_bottom=\"0\" padding_left=\"0\" padding_right=\"0\" bg_position=\"top\" bg_repeat=\"no-repeat\" bg_cover=\"false\" bg_attachment=\"false\" padding_top=\"0\" padding_bottom=\"0\" parallax_speed=\"0.1\" bg_type=\"no_bg\" bg_grad=\"background: -webkit-gradient(linear, left top, left bottom, color-stop(0%, #E3E3E3));background: -moz-linear-gradient(top,#E3E3E3 0%);background: -webkit-linear-gradient(top,#E3E3E3 0%);background: -o-linear-gradient(top,#E3E3E3 0%);background: -ms-linear-gradient(top,#E3E3E3 0%);background: linear-gradient(top,#E3E3E3 0%);\" parallax_style=\"vcpb-default\" bg_image_repeat=\"repeat\" bg_image_size=\"cover\" bg_img_attach=\"scroll\" parallax_sense=\"30\" animation_direction=\"left-animation\" animation_repeat=\"repeat\" bg_override=\"0\" parallax_content_sense=\"30\" fadeout_start_effect=\"30\" overlay_pattern_opacity=\"80\" multi_color_overlay_opacity=\"0.6\" seperator_type=\"none_seperator\" seperator_position=\"top_seperator\" seperator_shape_size=\"40\" seperator_svg_height=\"60\" seperator_shape_background=\"#ffffff\" seperator_shape_border=\"none\" seperator_shape_border_width=\"1\" icon_type=\"no_icon\" icon_size=\"32\" icon_style=\"none\" icon_color_border=\"#333333\" icon_border_size=\"1\" icon_border_radius=\"500\" icon_border_spacing=\"50\" img_width=\"48\" ult_hide_row_large_screen=\"off\" ult_hide_row_desktop=\"off\" ult_hide_row_tablet=\"off\" ult_hide_row_tablet_small=\"off\" ult_hide_row_mobile=\"off\" ult_hide_row_mobile_large=\"off\" enable_parallax=\"false\" parallax_content=\"parallax_content_value\" fadeout_row=\"fadeout_row_value\"][vc_column][dt_fancy_title title=\"L\u00e9vres\" title_align=\"center\" title_size=\"h3\" title_color=\"custom\" title_bg=\"disabled\" separator_color=\"default\" custom_title_color=\"#000000\"][vc_column_text]\r\n<h3 style=\"text-align: left;\"><\/h3>\r\n<table style=\"height: 170px;\" width=\"734\">\r\n<tbody>\r\n<tr>\r\n<td><\/td>\r\n<td><\/td>\r\n<td rowspan=\"5\">\r\n<h4>\u00a0<img class=\"aligncenter wp-image-94 size-medium\" title=\"Maquillage permanent des l\u00e9vres\" src=\"http:\/\/www.maquillage-permanent-orleans.fr\/wp-content\/uploads\/2016\/01\/tarif-levre-rond-300x300.png\" alt=\"Maquillage permanent des l\u00e9vres\" width=\"300\" height=\"300\" \/><\/h4>\r\n<\/td>\r\n<\/tr>\r\n<tr>\r\n<td style=\"background-color: #ffffff;\">Contour des l\u00e8vres et ombrage<\/td>\r\n<td style=\"background-color: #ffffff;\">\r\n<h4>350\u20ac<\/h4>\r\n<\/td>\r\n<\/tr>\r\n<tr>\r\n<td>Contour des l\u00e8vres et Remplissage<\/td>\r\n<td>\r\n<h4>450\u20ac<\/h4>\r\n<\/td>\r\n<\/tr>\r\n<tr>\r\n<td style=\"background-color: #ffffff;\">Contour des l\u00e8vres<\/td>\r\n<td style=\"background-color: #ffffff;\">\r\n<h4>260\u20ac<\/h4>\r\n<\/td>\r\n<\/tr>\r\n<tr>\r\n<td>Retouche<\/td>\r\n<td>\r\n<h4>150\u20ac<\/h4>\r\n<\/td>\r\n<\/tr>\r\n<\/tbody>\r\n<\/table>\r\n<h4><\/h4>\r\n[\/vc_column_text][\/vc_column][\/vc_row][vc_row][vc_column width=\"1\/1\"][dt_fancy_title title=\"Sourcils\" title_align=\"center\" title_size=\"h3\" title_color=\"custom\" title_bg=\"disabled\" separator_color=\"default\" custom_title_color=\"#000000\"][vc_column_text]\r\n<h3 style=\"text-align: left;\"><\/h3>\r\n<table style=\"height: 170px;\" width=\"734\">\r\n<tbody>\r\n<tr>\r\n<td rowspan=\"3\"><b>\u00a0<img class=\"alignleft wp-image-95 size-medium\" title=\"Maquillage permanent des sourcils\" src=\"http:\/\/www.maquillage-permanent-orleans.fr\/wp-content\/uploads\/2016\/01\/tarifs_sourcils_rond-292x300.png\" alt=\"Maquillage permanent des sourcils\" width=\"292\" height=\"300\" \/><\/b><\/td>\r\n<td style=\"text-align: left; background-color: #ffffff;\">Poil \u00e0 Poil<\/td>\r\n<td style=\"text-align: left; background-color: #ffffff;\">\r\n<h4>300\u20ac<\/h4>\r\n<\/td>\r\n<\/tr>\r\n<tr>\r\n<td style=\"text-align: left;\">Remplissage ou Ombrage<\/td>\r\n<td style=\"text-align: left;\">\r\n<h4>300\u20ac<\/h4>\r\n<\/td>\r\n<\/tr>\r\n<tr>\r\n<td style=\"text-align: left; background-color: #ffffff;\">Queue de sourcils<\/td>\r\n<td style=\"text-align: left; background-color: #ffffff;\">\r\n<h4>200\u20ac<\/h4>\r\n<\/td>\r\n<\/tr>\r\n<\/tbody>\r\n<\/table>\r\n[\/vc_column_text][\/vc_column][\/vc_row][vc_row][vc_column width=\"1\/1\"][dt_fancy_title title=\"Yeux\" title_align=\"center\" title_size=\"h3\" title_color=\"custom\" title_bg=\"disabled\" separator_color=\"default\" custom_title_color=\"#000000\"][vc_column_text]\r\n<h3><\/h3>\r\n<table width=\"734\">\r\n<tbody>\r\n<tr>\r\n<td>Eye liner haut<\/td>\r\n<td>\r\n<h4>250\u20ac<\/h4>\r\n<\/td>\r\n<td rowspan=\"5\">\r\n<h4>\u00a0<img class=\"aligncenter wp-image-93\" title=\"maquillage permanent des cils\" src=\"http:\/\/www.maquillage-permanent-orleans.fr\/wp-content\/uploads\/2016\/01\/tarif-cils-rond-300x289.png\" alt=\"maquillage permanent des cils\" width=\"300\" height=\"289\" \/><\/h4>\r\n<\/td>\r\n<\/tr>\r\n<tr>\r\n<td style=\"background-color: #ffffff;\">Eye liner bas<\/td>\r\n<td style=\"background-color: #ffffff;\">\r\n<h4>150\u20ac<\/h4>\r\n<\/td>\r\n<\/tr>\r\n<tr>\r\n<td>Eye liner oriental haut<\/td>\r\n<td>\r\n<h4>300\u20ac<\/h4>\r\n<\/td>\r\n<\/tr>\r\n<tr>\r\n<td style=\"background-color: #ffffff;\">Ras de cils haut<\/td>\r\n<td style=\"background-color: #ffffff;\">\r\n<h4>200\u20ac<\/h4>\r\n<\/td>\r\n<\/tr>\r\n<tr>\r\n<td>Ras de cils bas<\/td>\r\n<td>\r\n<h4>100\u20ac<\/h4>\r\n<\/td>\r\n<\/tr>\r\n<\/tbody>\r\n<\/table>\r\n<h4><\/h4>\r\n[\/vc_column_text][\/vc_column][\/vc_row]","_et_gb_content_width":"","footnotes":""},"class_list":["post-107","page","type-page","status-publish","hentry"],"yoast_head":"<!-- This site is optimized with the Yoast SEO plugin v27.0 - https:\/\/yoast.com\/product\/yoast-seo-wordpress\/ -->\n<title>Maquillage permanent sur Orl\u00e9ans - Sandy et Moi<\/title>\n<meta name=\"description\" content=\"Bienvenue sur la page de Sandy et Moi votre experte en maquillage permanent sur Orl\u00e9ans. Retrouvez ici toutes nos prestations de maquillage des yeux,l\u00e8vres .\" \/>\n<meta name=\"robots\" content=\"index, follow, max-snippet:-1, max-image-preview:large, max-video-preview:-1\" \/>\n<link rel=\"canonical\" href=\"https:\/\/www.maquillage-permanent-orleans.fr\/index.php\/maquillage-permanent\/\" \/>\n<meta property=\"og:locale\" content=\"fr_FR\" \/>\n<meta property=\"og:type\" content=\"article\" \/>\n<meta property=\"og:title\" content=\"Maquillage permanent sur Orl\u00e9ans - Sandy et Moi\" \/>\n<meta property=\"og:description\" content=\"Bienvenue sur la page de Sandy et Moi votre experte en maquillage permanent sur Orl\u00e9ans. Retrouvez ici toutes nos prestations de maquillage des yeux,l\u00e8vres .\" \/>\n<meta property=\"og:url\" content=\"https:\/\/www.maquillage-permanent-orleans.fr\/index.php\/maquillage-permanent\/\" \/>\n<meta property=\"og:site_name\" content=\"Maquillage Permanent \u00e0 Orl\u00e9ans\" \/>\n<meta property=\"article:modified_time\" content=\"2026-01-28T10:55:55+00:00\" \/>\n<meta name=\"twitter:card\" content=\"summary_large_image\" \/>\n<meta name=\"twitter:label1\" content=\"Dur\u00e9e de lecture estim\u00e9e\" \/>\n\t<meta name=\"twitter:data1\" content=\"3 minutes\" \/>\n<script type=\"application\/ld+json\" class=\"yoast-schema-graph\">{\"@context\":\"https:\/\/schema.org\",\"@graph\":[{\"@type\":\"WebPage\",\"@id\":\"https:\/\/www.maquillage-permanent-orleans.fr\/index.php\/maquillage-permanent\/\",\"url\":\"https:\/\/www.maquillage-permanent-orleans.fr\/index.php\/maquillage-permanent\/\",\"name\":\"Maquillage permanent sur Orl\u00e9ans - Sandy et Moi\",\"isPartOf\":{\"@id\":\"https:\/\/www.maquillage-permanent-orleans.fr\/#website\"},\"datePublished\":\"2016-03-15T09:10:17+00:00\",\"dateModified\":\"2026-01-28T10:55:55+00:00\",\"description\":\"Bienvenue sur la page de Sandy et Moi votre experte en maquillage permanent sur Orl\u00e9ans. Retrouvez ici toutes nos prestations de maquillage des yeux,l\u00e8vres .\",\"breadcrumb\":{\"@id\":\"https:\/\/www.maquillage-permanent-orleans.fr\/index.php\/maquillage-permanent\/#breadcrumb\"},\"inLanguage\":\"fr-FR\",\"potentialAction\":[{\"@type\":\"ReadAction\",\"target\":[\"https:\/\/www.maquillage-permanent-orleans.fr\/index.php\/maquillage-permanent\/\"]}]},{\"@type\":\"BreadcrumbList\",\"@id\":\"https:\/\/www.maquillage-permanent-orleans.fr\/index.php\/maquillage-permanent\/#breadcrumb\",\"itemListElement\":[{\"@type\":\"ListItem\",\"position\":1,\"name\":\"Accueil\",\"item\":\"https:\/\/www.maquillage-permanent-orleans.fr\/\"},{\"@type\":\"ListItem\",\"position\":2,\"name\":\"MAQUILLAGE PERMANENT\"}]},{\"@type\":\"WebSite\",\"@id\":\"https:\/\/www.maquillage-permanent-orleans.fr\/#website\",\"url\":\"https:\/\/www.maquillage-permanent-orleans.fr\/\",\"name\":\"Maquillage Permanent \u00e0 Orl\u00e9ans\",\"description\":\"Sandy et moi\",\"potentialAction\":[{\"@type\":\"SearchAction\",\"target\":{\"@type\":\"EntryPoint\",\"urlTemplate\":\"https:\/\/www.maquillage-permanent-orleans.fr\/?s={search_term_string}\"},\"query-input\":{\"@type\":\"PropertyValueSpecification\",\"valueRequired\":true,\"valueName\":\"search_term_string\"}}],\"inLanguage\":\"fr-FR\"}]}<\/script>\n<!-- \/ Yoast SEO plugin. -->","yoast_head_json":{"title":"Maquillage permanent sur Orl\u00e9ans - Sandy et Moi","description":"Bienvenue sur la page de Sandy et Moi votre experte en maquillage permanent sur Orl\u00e9ans. Retrouvez ici toutes nos prestations de maquillage des yeux,l\u00e8vres .","robots":{"index":"index","follow":"follow","max-snippet":"max-snippet:-1","max-image-preview":"max-image-preview:large","max-video-preview":"max-video-preview:-1"},"canonical":"https:\/\/www.maquillage-permanent-orleans.fr\/index.php\/maquillage-permanent\/","og_locale":"fr_FR","og_type":"article","og_title":"Maquillage permanent sur Orl\u00e9ans - Sandy et Moi","og_description":"Bienvenue sur la page de Sandy et Moi votre experte en maquillage permanent sur Orl\u00e9ans. Retrouvez ici toutes nos prestations de maquillage des yeux,l\u00e8vres .","og_url":"https:\/\/www.maquillage-permanent-orleans.fr\/index.php\/maquillage-permanent\/","og_site_name":"Maquillage Permanent \u00e0 Orl\u00e9ans","article_modified_time":"2026-01-28T10:55:55+00:00","twitter_card":"summary_large_image","twitter_misc":{"Dur\u00e9e de lecture estim\u00e9e":"3 minutes"},"schema":{"@context":"https:\/\/schema.org","@graph":[{"@type":"WebPage","@id":"https:\/\/www.maquillage-permanent-orleans.fr\/index.php\/maquillage-permanent\/","url":"https:\/\/www.maquillage-permanent-orleans.fr\/index.php\/maquillage-permanent\/","name":"Maquillage permanent sur Orl\u00e9ans - Sandy et Moi","isPartOf":{"@id":"https:\/\/www.maquillage-permanent-orleans.fr\/#website"},"datePublished":"2016-03-15T09:10:17+00:00","dateModified":"2026-01-28T10:55:55+00:00","description":"Bienvenue sur la page de Sandy et Moi votre experte en maquillage permanent sur Orl\u00e9ans. Retrouvez ici toutes nos prestations de maquillage des yeux,l\u00e8vres .","breadcrumb":{"@id":"https:\/\/www.maquillage-permanent-orleans.fr\/index.php\/maquillage-permanent\/#breadcrumb"},"inLanguage":"fr-FR","potentialAction":[{"@type":"ReadAction","target":["https:\/\/www.maquillage-permanent-orleans.fr\/index.php\/maquillage-permanent\/"]}]},{"@type":"BreadcrumbList","@id":"https:\/\/www.maquillage-permanent-orleans.fr\/index.php\/maquillage-permanent\/#breadcrumb","itemListElement":[{"@type":"ListItem","position":1,"name":"Accueil","item":"https:\/\/www.maquillage-permanent-orleans.fr\/"},{"@type":"ListItem","position":2,"name":"MAQUILLAGE PERMANENT"}]},{"@type":"WebSite","@id":"https:\/\/www.maquillage-permanent-orleans.fr\/#website","url":"https:\/\/www.maquillage-permanent-orleans.fr\/","name":"Maquillage Permanent \u00e0 Orl\u00e9ans","description":"Sandy et moi","potentialAction":[{"@type":"SearchAction","target":{"@type":"EntryPoint","urlTemplate":"https:\/\/www.maquillage-permanent-orleans.fr\/?s={search_term_string}"},"query-input":{"@type":"PropertyValueSpecification","valueRequired":true,"valueName":"search_term_string"}}],"inLanguage":"fr-FR"}]}},"_links":{"self":[{"href":"https:\/\/www.maquillage-permanent-orleans.fr\/index.php\/wp-json\/wp\/v2\/pages\/107","targetHints":{"allow":["GET"]}}],"collection":[{"href":"https:\/\/www.maquillage-permanent-orleans.fr\/index.php\/wp-json\/wp\/v2\/pages"}],"about":[{"href":"https:\/\/www.maquillage-permanent-orleans.fr\/index.php\/wp-json\/wp\/v2\/types\/page"}],"author":[{"embeddable":true,"href":"https:\/\/www.maquillage-permanent-orleans.fr\/index.php\/wp-json\/wp\/v2\/users\/1"}],"replies":[{"embeddable":true,"href":"https:\/\/www.maquillage-permanent-orleans.fr\/index.php\/wp-json\/wp\/v2\/comments?post=107"}],"version-history":[{"count":32,"href":"https:\/\/www.maquillage-permanent-orleans.fr\/index.php\/wp-json\/wp\/v2\/pages\/107\/revisions"}],"predecessor-version":[{"id":673,"href":"https:\/\/www.maquillage-permanent-orleans.fr\/index.php\/wp-json\/wp\/v2\/pages\/107\/revisions\/673"}],"wp:attachment":[{"href":"https:\/\/www.maquillage-permanent-orleans.fr\/index.php\/wp-json\/wp\/v2\/media?parent=107"}],"curies":[{"name":"wp","href":"https:\/\/api.w.org\/{rel}","templated":true}]}}