{"id":47,"date":"2016-01-29T10:29:24","date_gmt":"2016-01-29T09:29:24","guid":{"rendered":"http:\/\/www.maquillage-permanent-orleans.fr\/?page_id=47"},"modified":"2026-01-28T11:57:11","modified_gmt":"2026-01-28T10:57:11","slug":"nous-situer","status":"publish","type":"page","link":"https:\/\/www.maquillage-permanent-orleans.fr\/index.php\/nous-situer\/","title":{"rendered":"NOUS CONTACTER"},"content":{"rendered":"<p>[et_pb_section fb_built=\u00a0\u00bb1&Prime; admin_label=\u00a0\u00bbsection\u00a0\u00bb _builder_version=\u00a0\u00bb4.27.5&Prime; use_background_color_gradient=\u00a0\u00bbon\u00a0\u00bb background_image=\u00a0\u00bbhttps:\/\/www.maquillage-permanent-orleans.fr\/wp-content\/uploads\/2026\/01\/ChatGPT-Image-28-janv.-2026-11_52_38.png\u00a0\u00bb hover_enabled=\u00a0\u00bb0&Prime; global_colors_info=\u00a0\u00bb{}\u00a0\u00bb title_text=\u00a0\u00bbChatGPT Image 28 janv. 2026, 11_52_38&Prime; sticky_enabled=\u00a0\u00bb0&Prime;][et_pb_row column_structure=\u00a0\u00bb3_4,1_4&Prime; _builder_version=\u00a0\u00bb4.27.5&Prime; _module_preset=\u00a0\u00bbdefault\u00a0\u00bb background_color=\u00a0\u00bbRGBA(255,255,255,0)\u00a0\u00bb background_enable_image=\u00a0\u00bboff\u00a0\u00bb custom_margin=\u00a0\u00bb||||false|false\u00a0\u00bb custom_padding=\u00a0\u00bb||||false|false\u00a0\u00bb global_colors_info=\u00a0\u00bb{}\u00a0\u00bb][et_pb_column type=\u00a0\u00bb3_4&Prime; _builder_version=\u00a0\u00bb4.27.4&Prime; _module_preset=\u00a0\u00bbdefault\u00a0\u00bb custom_padding=\u00a0\u00bb|0px||0px|false|false\u00a0\u00bb global_colors_info=\u00a0\u00bb{}\u00a0\u00bb][et_pb_contact_form use_spam_service=\u00a0\u00bbon\u00a0\u00bb recaptcha_list=\u00a0\u00bbDefault|Default-0&Prime; recaptcha_min_score=\u00a0\u00bb0.6&Prime; email=\u00a0\u00bbcontact@sandyetmoi.fr\u00a0\u00bb custom_message=\u00a0\u00bbNouveau message depuis le site Sandy et Moi :||et_pb_line_break_holder||||et_pb_line_break_holder||Nom : %%name%%||et_pb_line_break_holder||Email : %%email%%||et_pb_line_break_holder||T\u00e9l\u00e9phone : %%telephone%%||et_pb_line_break_holder||Message :||et_pb_line_break_holder||%%message%%||et_pb_line_break_holder||\u00a0\u00bb _builder_version=\u00a0\u00bb4.27.4&Prime; _module_preset=\u00a0\u00bbdefault\u00a0\u00bb _unique_id=\u00a0\u00bb99dcb978-d48f-47cc-b139-d731c32808dd\u00a0\u00bb form_field_background_color=\u00a0\u00bb#FFFFFF\u00a0\u00bb form_field_text_color=\u00a0\u00bb#666666&Prime; form_field_focus_background_color=\u00a0\u00bb#FFFFFF\u00a0\u00bb custom_margin=\u00a0\u00bb|||3px|false|false\u00a0\u00bb custom_padding=\u00a0\u00bb|||3px|false|false\u00a0\u00bb global_colors_info=\u00a0\u00bb{}\u00a0\u00bb][et_pb_contact_field field_id=\u00a0\u00bbName\u00a0\u00bb field_title=\u00a0\u00bbNom\u00a0\u00bb fullwidth_field=\u00a0\u00bbon\u00a0\u00bb _builder_version=\u00a0\u00bb4.27.4&Prime; _module_preset=\u00a0\u00bbdefault\u00a0\u00bb global_colors_info=\u00a0\u00bb{}\u00a0\u00bb][\/et_pb_contact_field][et_pb_contact_field field_id=\u00a0\u00bbEmail\u00a0\u00bb field_title=\u00a0\u00bbAdresse e-mail\u00a0\u00bb field_type=\u00a0\u00bbemail\u00a0\u00bb fullwidth_field=\u00a0\u00bbon\u00a0\u00bb _builder_version=\u00a0\u00bb4.27.4&Prime; global_colors_info=\u00a0\u00bb{}\u00a0\u00bb button_text_size__hover_enabled=\u00a0\u00bboff\u00a0\u00bb button_one_text_size__hover_enabled=\u00a0\u00bboff\u00a0\u00bb button_two_text_size__hover_enabled=\u00a0\u00bboff\u00a0\u00bb button_text_color__hover_enabled=\u00a0\u00bboff\u00a0\u00bb button_one_text_color__hover_enabled=\u00a0\u00bboff\u00a0\u00bb button_two_text_color__hover_enabled=\u00a0\u00bboff\u00a0\u00bb button_border_width__hover_enabled=\u00a0\u00bboff\u00a0\u00bb button_one_border_width__hover_enabled=\u00a0\u00bboff\u00a0\u00bb button_two_border_width__hover_enabled=\u00a0\u00bboff\u00a0\u00bb button_border_color__hover_enabled=\u00a0\u00bboff\u00a0\u00bb button_one_border_color__hover_enabled=\u00a0\u00bboff\u00a0\u00bb button_two_border_color__hover_enabled=\u00a0\u00bboff\u00a0\u00bb button_border_radius__hover_enabled=\u00a0\u00bboff\u00a0\u00bb button_one_border_radius__hover_enabled=\u00a0\u00bboff\u00a0\u00bb button_two_border_radius__hover_enabled=\u00a0\u00bboff\u00a0\u00bb button_letter_spacing__hover_enabled=\u00a0\u00bboff\u00a0\u00bb button_one_letter_spacing__hover_enabled=\u00a0\u00bboff\u00a0\u00bb button_two_letter_spacing__hover_enabled=\u00a0\u00bboff\u00a0\u00bb button_bg_color__hover_enabled=\u00a0\u00bboff\u00a0\u00bb button_one_bg_color__hover_enabled=\u00a0\u00bboff\u00a0\u00bb button_two_bg_color__hover_enabled=\u00a0\u00bboff\u00a0\u00bb][\/et_pb_contact_field][et_pb_contact_field field_id=\u00a0\u00bbTelephone\u00a0\u00bb field_title=\u00a0\u00bbTelephone\u00a0\u00bb allowed_symbols=\u00a0\u00bbnumbers\u00a0\u00bb fullwidth_field=\u00a0\u00bbon\u00a0\u00bb _builder_version=\u00a0\u00bb4.27.4&Prime; _module_preset=\u00a0\u00bbdefault\u00a0\u00bb global_colors_info=\u00a0\u00bb{}\u00a0\u00bb][\/et_pb_contact_field][et_pb_contact_field field_id=\u00a0\u00bbMessage\u00a0\u00bb field_title=\u00a0\u00bbMessage\u00a0\u00bb field_type=\u00a0\u00bbtext\u00a0\u00bb fullwidth_field=\u00a0\u00bbon\u00a0\u00bb _builder_version=\u00a0\u00bb4.27.4&Prime; global_colors_info=\u00a0\u00bb{}\u00a0\u00bb button_text_size__hover_enabled=\u00a0\u00bboff\u00a0\u00bb button_one_text_size__hover_enabled=\u00a0\u00bboff\u00a0\u00bb button_two_text_size__hover_enabled=\u00a0\u00bboff\u00a0\u00bb button_text_color__hover_enabled=\u00a0\u00bboff\u00a0\u00bb button_one_text_color__hover_enabled=\u00a0\u00bboff\u00a0\u00bb button_two_text_color__hover_enabled=\u00a0\u00bboff\u00a0\u00bb button_border_width__hover_enabled=\u00a0\u00bboff\u00a0\u00bb button_one_border_width__hover_enabled=\u00a0\u00bboff\u00a0\u00bb button_two_border_width__hover_enabled=\u00a0\u00bboff\u00a0\u00bb button_border_color__hover_enabled=\u00a0\u00bboff\u00a0\u00bb button_one_border_color__hover_enabled=\u00a0\u00bboff\u00a0\u00bb button_two_border_color__hover_enabled=\u00a0\u00bboff\u00a0\u00bb button_border_radius__hover_enabled=\u00a0\u00bboff\u00a0\u00bb button_one_border_radius__hover_enabled=\u00a0\u00bboff\u00a0\u00bb button_two_border_radius__hover_enabled=\u00a0\u00bboff\u00a0\u00bb button_letter_spacing__hover_enabled=\u00a0\u00bboff\u00a0\u00bb button_one_letter_spacing__hover_enabled=\u00a0\u00bboff\u00a0\u00bb button_two_letter_spacing__hover_enabled=\u00a0\u00bboff\u00a0\u00bb button_bg_color__hover_enabled=\u00a0\u00bboff\u00a0\u00bb button_one_bg_color__hover_enabled=\u00a0\u00bboff\u00a0\u00bb button_two_bg_color__hover_enabled=\u00a0\u00bboff\u00a0\u00bb][\/et_pb_contact_field][\/et_pb_contact_form][\/et_pb_column][et_pb_column type=\u00a0\u00bb1_4&Prime; _builder_version=\u00a0\u00bb4.27.4&Prime; _module_preset=\u00a0\u00bbdefault\u00a0\u00bb global_colors_info=\u00a0\u00bb{}\u00a0\u00bb][et_pb_image src=\u00a0\u00bbhttps:\/\/www.maquillage-permanent-orleans.fr\/wp-content\/uploads\/2016\/05\/Horaires.png\u00a0\u00bb title_text=\u00a0\u00bbHoraires\u00a0\u00bb _builder_version=\u00a0\u00bb4.27.4&Prime; _module_preset=\u00a0\u00bbdefault\u00a0\u00bb global_colors_info=\u00a0\u00bb{}\u00a0\u00bb][\/et_pb_image][\/et_pb_column][\/et_pb_row][\/et_pb_section]<\/p>\n","protected":false},"excerpt":{"rendered":"","protected":false},"author":1,"featured_media":0,"parent":0,"menu_order":0,"comment_status":"closed","ping_status":"closed","template":"","meta":{"_et_pb_use_builder":"on","_et_pb_old_content":"[vc_row][vc_column width=\"1\/1\"][vc_gmaps title=\"Venez nous rendre visite\" link=\"#E-8_JTNDaWZyYW1lJTIwc3JjJTNEJTIyaHR0cHMlM0ElMkYlMkZ3d3cuZ29vZ2xlLmNvbSUyRm1hcHMlMkZlbWJlZCUzRnBiJTNEJTIxMW0xOCUyMTFtMTIlMjExbTMlMjExZDI1NDQzLjY5MDg5MzI4NTU1JTIxMmQxLjkyMjAzMzM3MjUyMDM4MDYlMjEzZDQ3LjkwODU1MTE0NDM4MTY3NiUyMTJtMyUyMTFmMCUyMTJmMCUyMTNmMCUyMTNtMiUyMTFpMTAyNCUyMTJpNzY4JTIxNGYxMy4xJTIxM20zJTIxMW0yJTIxMXMweDQ3ZTRmYjRkMDE5MmYxY2IlMjUzQTB4OGQxZDEwNGI2MDZmNjBmZCUyMTJzMTElMkJSdWUlMkJNYWxha29mZiUyNTJDJTJCNDUwMDAlMkJPcmwlMjVDMyUyNUE5YW5zJTIxNWUwJTIxM20yJTIxMXNmciUyMTJzZnIlMjE0djE0NTQ2MDMyMTA0NzMlMjIlMjB3aWR0aCUzRCUyMjYwMCUyMiUyMGhlaWdodCUzRCUyMjQ1MCUyMiUyMGZyYW1lYm9yZGVyJTNEJTIyMCUyMiUyMHN0eWxlJTNEJTIyYm9yZGVyJTNBMCUyMiUyMGFsbG93ZnVsbHNjcmVlbiUzRSUzQyUyRmlmcmFtZSUzRQ==\" size=\"300\"][\/vc_column][\/vc_row][vc_row][vc_column width=\"1\/1\"][vc_column_text]\r\n\r\n&nbsp;\r\n<h2>Nous contactez<\/h2>\r\n&nbsp;\r\n\r\n[\/vc_column_text][contact-form-7 id=\"17\"][\/vc_column][\/vc_row]","_et_gb_content_width":"","footnotes":""},"class_list":["post-47","page","type-page","status-publish","hentry"],"yoast_head":"<!-- This site is optimized with the Yoast SEO plugin v27.0 - https:\/\/yoast.com\/product\/yoast-seo-wordpress\/ -->\n<title>Maquillage permanent Orl\u00e9ans \/ Sandy et moi<\/title>\n<meta name=\"description\" content=\"Rendez vous dans votre centre Sandy et Moi pour d\u00e9couvrir les meilleurs offres de maquillage permanent sur Orl\u00e9ans. Contactez nous par t\u00e9l\u00e9phone ou e-mail\" \/>\n<meta name=\"robots\" content=\"index, follow, max-snippet:-1, max-image-preview:large, max-video-preview:-1\" \/>\n<link rel=\"canonical\" href=\"https:\/\/www.maquillage-permanent-orleans.fr\/index.php\/nous-situer\/\" \/>\n<meta property=\"og:locale\" content=\"fr_FR\" \/>\n<meta property=\"og:type\" content=\"article\" \/>\n<meta property=\"og:title\" content=\"Maquillage permanent Orl\u00e9ans \/ Sandy et moi\" \/>\n<meta property=\"og:description\" content=\"Rendez vous dans votre centre Sandy et Moi pour d\u00e9couvrir les meilleurs offres de maquillage permanent sur Orl\u00e9ans. Contactez nous par t\u00e9l\u00e9phone ou e-mail\" \/>\n<meta property=\"og:url\" content=\"https:\/\/www.maquillage-permanent-orleans.fr\/index.php\/nous-situer\/\" \/>\n<meta property=\"og:site_name\" content=\"Maquillage Permanent \u00e0 Orl\u00e9ans\" \/>\n<meta property=\"article:modified_time\" content=\"2026-01-28T10:57:11+00:00\" \/>\n<meta name=\"twitter:card\" content=\"summary_large_image\" \/>\n<meta name=\"twitter:label1\" content=\"Dur\u00e9e de lecture estim\u00e9e\" \/>\n\t<meta name=\"twitter:data1\" content=\"3 minutes\" \/>\n<script type=\"application\/ld+json\" class=\"yoast-schema-graph\">{\"@context\":\"https:\/\/schema.org\",\"@graph\":[{\"@type\":\"WebPage\",\"@id\":\"https:\/\/www.maquillage-permanent-orleans.fr\/index.php\/nous-situer\/\",\"url\":\"https:\/\/www.maquillage-permanent-orleans.fr\/index.php\/nous-situer\/\",\"name\":\"Maquillage permanent Orl\u00e9ans \/ Sandy et moi\",\"isPartOf\":{\"@id\":\"https:\/\/www.maquillage-permanent-orleans.fr\/#website\"},\"datePublished\":\"2016-01-29T09:29:24+00:00\",\"dateModified\":\"2026-01-28T10:57:11+00:00\",\"description\":\"Rendez vous dans votre centre Sandy et Moi pour d\u00e9couvrir les meilleurs offres de maquillage permanent sur Orl\u00e9ans. Contactez nous par t\u00e9l\u00e9phone ou e-mail\",\"breadcrumb\":{\"@id\":\"https:\/\/www.maquillage-permanent-orleans.fr\/index.php\/nous-situer\/#breadcrumb\"},\"inLanguage\":\"fr-FR\",\"potentialAction\":[{\"@type\":\"ReadAction\",\"target\":[\"https:\/\/www.maquillage-permanent-orleans.fr\/index.php\/nous-situer\/\"]}]},{\"@type\":\"BreadcrumbList\",\"@id\":\"https:\/\/www.maquillage-permanent-orleans.fr\/index.php\/nous-situer\/#breadcrumb\",\"itemListElement\":[{\"@type\":\"ListItem\",\"position\":1,\"name\":\"Accueil\",\"item\":\"https:\/\/www.maquillage-permanent-orleans.fr\/\"},{\"@type\":\"ListItem\",\"position\":2,\"name\":\"NOUS CONTACTER\"}]},{\"@type\":\"WebSite\",\"@id\":\"https:\/\/www.maquillage-permanent-orleans.fr\/#website\",\"url\":\"https:\/\/www.maquillage-permanent-orleans.fr\/\",\"name\":\"Maquillage Permanent \u00e0 Orl\u00e9ans\",\"description\":\"Sandy et moi\",\"potentialAction\":[{\"@type\":\"SearchAction\",\"target\":{\"@type\":\"EntryPoint\",\"urlTemplate\":\"https:\/\/www.maquillage-permanent-orleans.fr\/?s={search_term_string}\"},\"query-input\":{\"@type\":\"PropertyValueSpecification\",\"valueRequired\":true,\"valueName\":\"search_term_string\"}}],\"inLanguage\":\"fr-FR\"}]}<\/script>\n<!-- \/ Yoast SEO plugin. -->","yoast_head_json":{"title":"Maquillage permanent Orl\u00e9ans \/ Sandy et moi","description":"Rendez vous dans votre centre Sandy et Moi pour d\u00e9couvrir les meilleurs offres de maquillage permanent sur Orl\u00e9ans. Contactez nous par t\u00e9l\u00e9phone ou e-mail","robots":{"index":"index","follow":"follow","max-snippet":"max-snippet:-1","max-image-preview":"max-image-preview:large","max-video-preview":"max-video-preview:-1"},"canonical":"https:\/\/www.maquillage-permanent-orleans.fr\/index.php\/nous-situer\/","og_locale":"fr_FR","og_type":"article","og_title":"Maquillage permanent Orl\u00e9ans \/ Sandy et moi","og_description":"Rendez vous dans votre centre Sandy et Moi pour d\u00e9couvrir les meilleurs offres de maquillage permanent sur Orl\u00e9ans. Contactez nous par t\u00e9l\u00e9phone ou e-mail","og_url":"https:\/\/www.maquillage-permanent-orleans.fr\/index.php\/nous-situer\/","og_site_name":"Maquillage Permanent \u00e0 Orl\u00e9ans","article_modified_time":"2026-01-28T10:57:11+00:00","twitter_card":"summary_large_image","twitter_misc":{"Dur\u00e9e de lecture estim\u00e9e":"3 minutes"},"schema":{"@context":"https:\/\/schema.org","@graph":[{"@type":"WebPage","@id":"https:\/\/www.maquillage-permanent-orleans.fr\/index.php\/nous-situer\/","url":"https:\/\/www.maquillage-permanent-orleans.fr\/index.php\/nous-situer\/","name":"Maquillage permanent Orl\u00e9ans \/ Sandy et moi","isPartOf":{"@id":"https:\/\/www.maquillage-permanent-orleans.fr\/#website"},"datePublished":"2016-01-29T09:29:24+00:00","dateModified":"2026-01-28T10:57:11+00:00","description":"Rendez vous dans votre centre Sandy et Moi pour d\u00e9couvrir les meilleurs offres de maquillage permanent sur Orl\u00e9ans. Contactez nous par t\u00e9l\u00e9phone ou e-mail","breadcrumb":{"@id":"https:\/\/www.maquillage-permanent-orleans.fr\/index.php\/nous-situer\/#breadcrumb"},"inLanguage":"fr-FR","potentialAction":[{"@type":"ReadAction","target":["https:\/\/www.maquillage-permanent-orleans.fr\/index.php\/nous-situer\/"]}]},{"@type":"BreadcrumbList","@id":"https:\/\/www.maquillage-permanent-orleans.fr\/index.php\/nous-situer\/#breadcrumb","itemListElement":[{"@type":"ListItem","position":1,"name":"Accueil","item":"https:\/\/www.maquillage-permanent-orleans.fr\/"},{"@type":"ListItem","position":2,"name":"NOUS CONTACTER"}]},{"@type":"WebSite","@id":"https:\/\/www.maquillage-permanent-orleans.fr\/#website","url":"https:\/\/www.maquillage-permanent-orleans.fr\/","name":"Maquillage Permanent \u00e0 Orl\u00e9ans","description":"Sandy et moi","potentialAction":[{"@type":"SearchAction","target":{"@type":"EntryPoint","urlTemplate":"https:\/\/www.maquillage-permanent-orleans.fr\/?s={search_term_string}"},"query-input":{"@type":"PropertyValueSpecification","valueRequired":true,"valueName":"search_term_string"}}],"inLanguage":"fr-FR"}]}},"_links":{"self":[{"href":"https:\/\/www.maquillage-permanent-orleans.fr\/index.php\/wp-json\/wp\/v2\/pages\/47","targetHints":{"allow":["GET"]}}],"collection":[{"href":"https:\/\/www.maquillage-permanent-orleans.fr\/index.php\/wp-json\/wp\/v2\/pages"}],"about":[{"href":"https:\/\/www.maquillage-permanent-orleans.fr\/index.php\/wp-json\/wp\/v2\/types\/page"}],"author":[{"embeddable":true,"href":"https:\/\/www.maquillage-permanent-orleans.fr\/index.php\/wp-json\/wp\/v2\/users\/1"}],"replies":[{"embeddable":true,"href":"https:\/\/www.maquillage-permanent-orleans.fr\/index.php\/wp-json\/wp\/v2\/comments?post=47"}],"version-history":[{"count":51,"href":"https:\/\/www.maquillage-permanent-orleans.fr\/index.php\/wp-json\/wp\/v2\/pages\/47\/revisions"}],"predecessor-version":[{"id":675,"href":"https:\/\/www.maquillage-permanent-orleans.fr\/index.php\/wp-json\/wp\/v2\/pages\/47\/revisions\/675"}],"wp:attachment":[{"href":"https:\/\/www.maquillage-permanent-orleans.fr\/index.php\/wp-json\/wp\/v2\/media?parent=47"}],"curies":[{"name":"wp","href":"https:\/\/api.w.org\/{rel}","templated":true}]}}